digit of 2835736572?
3
What is the ten thousands digit of 2008684970?
8
What is the thousands digit of 339235886?
5
What is the thousands digit of 58027892?
7
What is the ten millions digit of 138306892?
3
What is the billions digit of 1149587443?
1
What is the hundreds digit of 68151712?
7
What is the hundred thousands digit of 15855384?
8
What is the millions digit of 176763021?
6
What is the thousands digit of 1333296234?
6
What is the ten millions digit of 75013731?
7
What is the hundred thousands digit of 137750738?
7
What is the millions digit of 60084842?
0
What is the billions digit of 1052864500?
1
What is the millions digit of 105931608?
5
What is the ten millions digit of 74766422?
7
What is the millions digit of 557616658?
7
What is the hundred thousands digit of 260074499?
0
What is the ten millions digit of 1845490460?
4
What is the hundred thousands digit of 997241831?
2
What is the hundred thousands digit of 20538949?
5
What is the ten thousands digit of 66170332?
7
What is the thousands digit of 67030700?
0
What is the hundreds digit of 13941593?
5
What is the units digit of 11507648?
8
What is the thousands digit of 2673755835?
5
What is the hundreds digit of 132450319?
3
What is the units digit of 42655628?
8
What is the thousands digit of 11793318?
3
What is the millions digit of 457721796?
7
What is the hundreds digit of 64736345?
3
What is the hundreds digit of 48989431?
4
What is the hundred thousands digit of 69636269?
6
What is the ten millions digit of 36793137?
3
What is the millions digit of 1707396606?
7
What is the hundreds digit of 88804772?
7
What is the hundred millions digit of 199071860?
1
What is the tens digit of 1287346589?
8
What is the hundred thousands digit of 79477166?
4
What is the ten thousands digit of 75291205?
9
What is the units digit of 9627312?
2
What is the hundred thousands digit of 1865435623?
4
What is the tens digit of 47402523?
2
What is the thousands digit of 678839629?
9
What is the hundreds digit of 4166103873?
8
What is the tens digit of 39732630?
3
What is the ten millions digit of 1836310876?
3
What is the units digit of 324659775?
5
What is the ten thousands digit of 48801704?
0
What is the hundreds digit of 675296119?
1
What is the ten thousands digit of 78986874?
8
What is the hundreds digit of 366628627?
6
What is the units digit of 136629181?
1
What is the thousands digit of 456427034?
7
What is the units digit of 586578007?
7
What is the thousands digit of 80724119?
4
What is the hundred thousands digit of 827977502?
9
What is the ten millions digit of 172767948?
7
What is the hundred thousands digit of 45421512?
4
What is the hundred thousands digit of 114197510?
1
What is the ten millions digit of 104396608?
0
What is the ten thousands digit of 189030689?
3
What is the ten millions digit of 4412347984?
1
What is the millions digit of 160792480?
0
What is the hundred millions digit of 185677418?
1
What is the millions digit of 158297253?
8
What is the hundred millions digit of 743797652?
7
What is the tens digit of 65391898?
9
What is the thousands digit of 645795216?
5
What is the ten thousands digit of 57732588?
3
What is the ten millions digit of 553557097?
5
What is the ten thousands digit of 15475453?
7
What is the hundred thousands digit of 4159326077?
3
What is the thousands digit of 7626018?
6
What is the tens digit of 186951249?
4
What is the hundred thousands digit of 205259778?
2
What is the millions digit of 60252834?
0
What is the units digit of 94742833?
3
What is the units digit of 2207662109?
9
What is the billions digit of 1720219714?
1
What is the ten millions digit of 2562019395?
6
What is the ten thousands digit of 1458263316?
6
What is the billions digit of 3087098532?
3
What is the ten thousands digit of 29906738?
0
What is the hundreds digit of 687420401?
4
What is the tens digit of 55219049?
4
What is the billions digit of 5418632345?
5
What is the units digit of 2698451901?
1
What is the units digit of 100862136?
6
What is the thousands digit of 190548760?
8
What is the thousands digit of 71932009?
2
What is the hundred thousands digit of 160364454?
3
What is the ten thousands digit of 823127625?
2
What is the billions digit of 7880032993?
7
What is the ten millions digit of 66916781?
6
What is the thousands digit of 210723024?
3
What is the hundred thousands digit of 252548901?
5
What is the hundred thousands digit of 157173206?
1
What is the hundred millions digit of 1277253306?
2
What is the hundreds digit of 1287474443?
4
What is the thousands digit of 964665648?
5
What is the thousands digit of 52819294?
9
What is the hundreds digit of 1103150?
1
What is the hundred thousands digit of 348365774?
3
What is the hundreds digit of 7470730790?
7
What is the thousands digit of 194571386?
1
What is the tens digit of 41753856?
5
What is the hundreds digit of 8203385150?
1
What is the millions digit of 385867091?
5
What is the ten thousands digit of 138043780?
4
What is the units digit of 581939782?
2
What is the thousands digit of 1177738766?
8
What is the millions digit of 445739342?
5
What is the hundred millions digit of 846084947?
8
What is the ten thousands digit of 68601332?
0
What is the hundreds digit of 1908506740?
7
What is the tens digit of 1702809107?
0
What is the thousands digit of 612656786?
6
What is the billions digit of 1344769997?
1
What is the hundred thousands digit of 674863153?
8
What is the thousands digit of 414757?
4
What is the units digit of 242254135?
5
What is the hundred thousands digit of 211855462?
8
What is the hundred thousands digit of 20509277?
5
What is the millions digit of 58553594?
8
What is the ten thousands digit of 36353515?
5
What is the tens digit of 503983870?
7
What is the hundreds digit of 28963228?
2
What is the tens digit of 72171742?
4
What is the thousands digit of 51536002?
6
What is the ten millions digit of 1771352808?
7
What is the hundred thousands digit of 908928383?
9
What is the tens digit of 373157642?
4
What is the ten thousands digit of 7373207?
7
What is the thousands digit of 538607073?
7
What is the units digit of 555432?
2
What is the ten thousands digit of 8729783?
2
What is the units digit of 45355448?
8
What is the hundreds digit of 74215046?
0
What is the hundreds digit of 2688371?
3
What is the hundreds digit of 646141961?
9
What is the ten thousands digit of 350798249?
9
What is the tens digit of 2755411426?
2
What is the thousands digit of 99730723?
0
What is the tens digit of 8275336230?
3
What is the hundred thousands digit of 153572552?
5
What is the tens digit of 1294277359?
5
What is the ten millions digit of 112317635?
1
What is the hundred thousands digit of 313281467?
2
What is the thousands digit of 1234840259?
0
What is the units digit of 2063376090?
0
What is the units digit of 70728973?
3
What is the thousands digit of 55577174?
7
What is the hundred millions digit of 2616434218?
6
What is the millions digit of 85252293?
5
What is the millions digit of 3057974164?
7
What is the thousands digit of 93204168?
4
What is the thousands digit of 2871036026?
6
What is the hundreds digit of 966530500?
5
What is the hundred thousands digit of 1230620766?
6
What is the millions digit of 4317706988?
7
What is the millions digit of 338456701?
8
What is the ten millions digit of 28334628?
2
What is the hundreds digit of 2228049917?
9
What is the ten millions digit of 902152815?
0
What is the hundred thousands digit of 111413792?
4
What is the hundreds digit of 107391249?
2
What is the thousands digit of 298184675?
4
What is the units digit of 3202460062?
2
What is the ten thousands digit of 8243036?
4
What is the thousands digit of 32720416?
0
What is the hundred thousands digit of 30270572?
2
What is the hundred thousands digit of 60697195?
6
What is the ten thousands digit of 44711717?
1
What is the ten millions digit of 2282371387?
8
What is the thousands digit of 176152040?
2
What is the hundreds digit of 32038690?
6
What is the hundred millions digit of 3148976081?
1
What is the hundred thousands digit of 631951335?
9
What is the tens digit of 267535497?
9
What is the ten millions digit of 163719627?
6
What is the thousands digit of 4206864474?
4
What is the hundred thous